What is the highest common factor of 16469 and 2325959?
383
Calculate the greatest common divisor of 22005 and 4671540.
135
What is the greatest common divisor of 29722645 and 620?
155
What is the greatest common divisor of 375 and 34395?
15
What is the highest common divisor of 8065 and 111916392?
1613
What is the greatest common divisor of 134 and 90762220?
134
What is the greatest common divisor of 40296780 and 24?
12
Calculate the greatest common factor of 1476 and 151044.
492
What is the greatest common factor of 900653 and 4888?
13
What is the greatest common factor of 1696 and 44946544?
848
What is the greatest common factor of 8586306 and 714?
6
Calculate the greatest common factor of 8030528 and 2057.
2057
What is the greatest common divisor of 4704 and 747264?
672
Calculate the greatest common factor of 9943267 and 1214.
607
What is the highest common divisor of 232830125 and 25?
25
Calculate the highest common divisor of 17806 and 2011157.
307
Calculate the greatest common divisor of 856 and 402352.
8
What is the greatest common factor of 8643315 and 2325?
15
Calculate the greatest common factor of 78 and 564873.
3
What is the highest common divisor of 92900 and 27500?
100
Calculate the highest common factor of 102 and 73729119.
51
Calculate the highest common divisor of 22554828 and 1164.
1164
Calculate the highest common divisor of 71 and 555389477.
71
What is the highest common divisor of 8051249 and 166?
83
Calculate the greatest common divisor of 37130264 and 824.
824
Calculate the highest common divisor of 254 and 1328547.
127
What is the highest common factor of 1021953 and 114?
57
Calculate the highest common divisor of 793361 and 6842.
311
What is the highest common divisor of 13144 and 70649?
1643
What is the highest common divisor of 2032 and 690880?
2032
What is the greatest common factor of 6433 and 285124?
7
What is the highest common divisor of 1637341 and 98853?
83
Calculate the greatest common divisor of 56872 and 72992.
8
Calculate the highest common divisor of 15 and 6550755.
15
Calculate the greatest common divisor of 367824 and 660282.
474
What is the greatest common divisor of 11974847 and 2117?
73
Calculate the greatest common factor of 312 and 134945304.
312
What is the greatest common factor of 58111641 and 698?
349
What is the greatest common factor of 42747360 and 1770?
30
What is the highest common factor of 69435855 and 360?
45
What is the greatest common divisor of 4463556 and 396?
12
Calculate the greatest common factor of 550 and 8292200.
50
Calculate the highest common divisor of 92 and 28293772.
92
What is the greatest common divisor of 250 and 108447250?
250
What is the greatest common divisor of 1040725 and 190?
95
Calculate the greatest common divisor of 128886192 and 1788.
1788
What is the highest common factor of 12678372 and 56?
28
What is the greatest common divisor of 439962840 and 5020?
5020
Calculate the highest common divisor of 21390 and 74409393.
2139
Calculate the greatest common factor of 10934402 and 33682.
3062
Calculate the highest common factor of 119398884 and 66848.
8356
What is the greatest common factor of 460 and 11598095?
115
What is the greatest common divisor of 3663 and 45881517?
1221
Calculate the highest common factor of 1798 and 119112478.
62
Calculate the highest common divisor of 6 and 222195822.
6
Calculate the highest common divisor of 51659010 and 16080.
2010
Calculate the greatest common factor of 10164 and 798784.
28
Calculate the highest common factor of 261 and 39132948.
87
What is the highest common divisor of 6208 and 622255?
97
Calculate the greatest common divisor of 54 and 3103659.
9
What is the highest common factor of 23561307 and 1617?
1617
What is the highest common factor of 3574 and 741192203?
1787
What is the greatest common divisor of 583176 and 35391?
141
What is the greatest common divisor of 19791 and 17420478?
2199
What is the greatest common divisor of 169 and 5056649?
169
Calculate the highest common divisor of 256 and 1252114.
2
What is the highest common divisor of 1778784 and 2184?
168
What is the highest common factor of 3077114 and 16626?
326
What is the highest common divisor of 38835 and 110295?
45
What is the highest common divisor of 24579 and 5115163?
2731
What is the greatest common divisor of 83159725 and 165?
55
What is the greatest common factor of 776 and 202447342?
194
Calculate the greatest common divisor of 15626 and 262028.
26
What is the highest common divisor of 32 and 18937708?
4
Calculate the greatest common divisor of 29015556 and 453.
453
What is the highest common factor of 12829928 and 35024?
1592
What is the greatest common factor of 583334 and 218473?
1109
What is the greatest common factor of 5544 and 5487636?
924
Calculate the greatest common divisor of 451283 and 56879.
23
Calculate the greatest common divisor of 62952377 and 38.
19
What is the greatest common factor of 3620553 and 23?
1
What is the greatest common divisor of 24771 and 27048?
69
Calculate the highest common factor of 13 and 3271541.
13
What is the highest common factor of 73181175 and 1275?
1275
Calculate the greatest common divisor of 965968 and 432.
16
What is the highest common factor of 72 and 61882092?
36
What is the greatest common factor of 933776 and 864?
16
Calculate the highest common divisor of 3810 and 5410962.
762
Calculate the greatest common divisor of 3948 and 1683681.
141
What is the greatest common factor of 5409756 and 693?
99
Calculate the greatest common divisor of 643180835 and 7810.
3905
Calculate the greatest common factor of 1178 and 1318904.
38
Calculate the greatest common divisor of 39099050 and 33056.
2066
What is the greatest common divisor of 77 and 28897?
11
What is the greatest common divisor of 7 and 716665?
1
What is the highest common divisor of 3296 and 5697548?
412
What is the highest common divisor of 11088580 and 65880?
1220
What is the greatest common divisor of 1407508434 and 18?
18
Calculate the greatest common factor of 10224450 and 810.
90
Calculate the greatest common divisor of 18997 and 924102.
157
What is the greatest common divisor of 6951 and 15080691?
993
What is the greatest common divisor of 9638 and 16504522?
158
Calculate the greatest common divisor of 13009584 and 3696.
336
What is the highest common factor of 2400 and 121470?
30
Calculate the highest common divisor of 59472352 and 25312.
3616
What is the greatest common divisor of 13002 and 947964?
1182
What is the greatest common divisor of 76033874 and 1504?
94
Calculate the highest common factor of 1078 and 562694.
22
What is the highest common divisor of 8007585 and 393173?
1153
Calculate the highest common factor of 4570 and 8941662.
914
Calculate the highest common divisor of 637693925 and 11473.
1639
Calculate the greatest common divisor of 11835 and 560295.
45
What is the greatest common factor of 305487 and 7826?
91
Calculate the greatest common divisor of 305 and 895538255.
305
Calculate the greatest common divisor of 2995326 and 5238.
54
Calculate the greatest common divisor of 719123856 and 4656.
4656
Calculate the greatest common factor of 670401 and 495.
9
What is the greatest common divisor of 83313545 and 35?
35
What is the greatest common divisor of 7025 and 40630633?
281
Calculate the greatest common divisor of 1013420 and 100.
20
What is the highest common divisor of 12 and 1508123?
1
What is the greatest common factor of 8795790 and 47790?
810
What is the greatest common factor of 720 and 2091780?
180
What is the greatest common factor of 214719 and 62?
1
Calculate the highest common factor of 7934722 and 14122.
614
What is the greatest common factor of 238402 and 13134?
398
What is the highest common factor of 2757 and 15890429?
919
What is the greatest common factor of 121000 and 47432?
968
What is the greatest common factor of 40778180 and 449?
449
Calculate the greatest common divisor of 2742 and 7809.
3
What is the highest common divisor of 4 and 4018516?
4
Calculate the highest common factor of 22023 and 77886.
9
Calculate the highest common divisor of 4 and 3875552.
4
What is the greatest common factor of 4465461 and 338052?
429
Calculate the highest common factor of 258336 and 68148.
108
What is the high